 remainder when 857 is divided by 621.
236
Calculate the remainder when 3038 is divided by 56.
14
What is the remainder when 21112 is divided by 30?
22
Calculate the remainder when 8275 is divided by 1143.
274
Calculate the remainder when 41276 is divided by 120.
116
Calculate the remainder when 4388 is divided by 482.
50
Calculate the remainder when 1281 is divided by 298.
89
What is the remainder when 9636 is divided by 457?
39
What is the remainder when 728 is divided by 680?
48
Calculate the remainder when 125430 is divided by 59.
55
Calculate the remainder when 24897 is divided by 41.
10
Calculate the remainder when 36774 is divided by 121.
111
What is the remainder when 4938 is divided by 95?
93
Calculate the remainder when 25653 is divided by 259.
12
Calculate the remainder when 3244 is divided by 23.
1
What is the remainder when 376381 is divided by 319?
280
What is the remainder when 3662 is divided by 140?
22
Calculate the remainder when 8221 is divided by 103.
84
What is the remainder when 6711 is divided by 452?
383
What is the remainder when 26715 is divided by 812?
731
Calculate the remainder when 41960 is divided by 55.
50
What is the remainder when 6115 is divided by 44?
43
Calculate the remainder when 15897 is divided by 3136.
217
Calculate the remainder when 2028 is divided by 732.
564
Calculate the remainder when 1697 is divided by 489.
230
What is the remainder when 3521 is divided by 791?
357
Calculate the remainder when 78444 is divided by 13073.
6
What is the remainder when 9541 is divided by 3160?
61
Calculate the remainder when 1451 is divided by 109.
34
What is the remainder when 599070 is divided by 199688?
6
What is the remainder when 125434 is divided by 1?
0
Calculate the remainder when 7970 is divided by 3806.
358
What is the remainder when 1011 is divided by 57?
42
What is the remainder when 3453 is divided by 804?
237
What is the remainder when 2824 is divided by 23?
18
What is the remainder when 51409 is divided by 33?
28
What is the remainder when 166536 is divided by 10?
6
Calculate the remainder when 39510 is divided by 108.
90
Calculate the remainder when 47912 is divided by 255.
227
Calculate the remainder when 2148 is divided by 1068.
12
Calculate the remainder when 4970 is divided by 2303.
364
What is the remainder when 192658 is divided by 390?
388
What is the remainder when 184734 is divided by 46?
44
What is the remainder when 15189 is divided by 70?
69
Calculate the remainder when 28916 is divided by 9569.
209
Calculate the remainder when 3421965 is divided by 3007.
3006
What is the remainder when 1134 is divided by 97?
67
Calculate the remainder when 1100 is divided by 366.
2
Calculate the remainder when 11752 is divided by 5816.
120
What is the remainder when 6066 is divided by 3010?
46
What is the remainder when 7644 is divided by 1893?
72
Calculate the remainder when 93144 is divided by 94.
84
What is the remainder when 141177 is divided by 391?
26
What is the remainder when 11955 is divided by 64?
51
Calculate the remainder when 43245 is divided by 14407.
24
What is the remainder when 28296 is divided by 831?
42
Calculate the remainder when 3981 is divided by 3699.
282
What is the remainder when 22825 is divided by 122?
11
What is the remainder when 4284 is divided by 2114?
56
What is the remainder when 1858324 is divided by 582?
580
What is the remainder when 13833 is divided by 1532?
45
Calculate the remainder when 270406 is divided by 336.
262
Calculate the remainder when 2264 is divided by 391.
309
Calculate the remainder when 22695 is divided by 8.
7
Calculate the remainder when 19385 is divided by 31.
10
Calculate the remainder when 136288 is divided by 33.
31
What is the remainder when 7411 is divided by 149?
110
What is the remainder when 3227 is divided by 328?
275
Calculate the remainder when 155033 is divided by 638.
637
What is the remainder when 49658 is divided by 85?
18
Calculate the remainder when 257022 is divided by 56.
38
Calculate the remainder when 863 is divided by 300.
263
Calculate the remainder when 5721107 is divided by 2006.
2001
Calculate the remainder when 3534 is divided by 313.
91
Calculate the remainder when 25097 is divided by 1254.
17
Calculate the remainder when 36937 is divided by 497.
159
Calculate the remainder when 30839 is divided by 386.
345
Calculate the remainder when 41563 is divided by 924.
907
What is the remainder when 1705 is divided by 31?
0
Calculate the remainder when 1650974 is divided by 21.
17
Calculate the remainder when 6071 is divided by 39.
26
Calculate the remainder when 3256 is divided by 398.
72
Calculate the remainder when 42533 is divided by 23.
6
What is the remainder when 171445 is divided by 1573?
1561
What is the remainder when 3370 is divided by 3290?
80
What is the remainder when 95037 is divided by 12?
9
Calculate the remainder when 116 is divided by 111.
5
What is the remainder when 5928 is divided by 2945?
38
Calculate the remainder when 5156 is divided by 4445.
711
Calculate the remainder when 8057 is divided by 2682.
11
Calculate the remainder when 370 is divided by 366.
4
What is the remainder when 799 is divided by 47?
0
Calculate the remainder when 3358 is divided by 122.
64
What is the remainder when 21354 is divided by 855?
834
What is the remainder when 5291 is divided by 26?
13
What is the remainder when 27385 is divided by 9?
7
Calculate the remainder when 5343 is divided by 178.
3
What is the remainder when 15498 is divided by 7729?
40
What is the remainder when 243643 is divided by 34?
33
Calculate the remainder when 5413 is divided by 269.
33
What is the remainder when 23557 is divided by 820?
597
What is the remainder when 7161 is divided by 276?
261
What is the remainder when 4683 is divided by 142?
139
What is the remainder when 2480 is divided by 651?
527
What is the remainder when 6038 is divided by 196?
158
What is the remainder when 412442 is divided by 55?
52
Calculate the remainder when 32500 is divided by 171.
10
Calculate the remainder when 11556 is divided by 465.
396
What is the remainder when 970296 is divided by 20?
16
Calculate the remainder when 16768 is divided by 16672.
96
Calculate the remainder when 869116 is divided by 2.
0
What is the remainder when 476 is divided by 170?
136
What is the remainder when 140871 is divided by 41?
36
Calculate the remainder when 4946 is divided by 73.
55
What is the remainder when 2774 is divided by 2567?
207
What is the remainder when 35081 is divided by 8633?
549
What is the remainder when 9397 is divided by 853?
14
What is the remainder when 449295 is divided by 44929?
5
What is the remainder when 13713 is divided by 4532?
117
What is the remainder when 307690 is divided by 66?
64
Calculate the remainder when 1697 is divided by 558.
23
What is the remainder when 11207 is divided by 183?
44
What is the remainder when 1597 is divided by 570?
457
Calculate the remainder when 2507 is divided by 1029.
449
What is the remainder when 282610 is divided by 28257?
40
What is the remainder when 465781 is divided by 67?
64
What is the remainder when 3620 is divided by 2778?
842
Calculate the remainder when 23174 is divided by 6.
2
Calculate the remainder when 104463 is divided by 933.
900
Calculate the remainder when 28579 is divided by 117.
31
What is the remainder when 5033 is divided by 87?
74
What is the remainder when 51734 is divided by 29?
27
Calculate the remainder when 157640 is divided by 78804.
32
What is the remainder when 6481 is divided by 1183?
566
Calculate the remainder when 8459 is divided by 188.
187
Calculate the remainder when 1114 is divided by 24.
10
Calculate the remainder when 21840 is divided by 4354.
70
Calculate the remainder when 26657 is divided by 31.
28
Calculate the remainder when 509 is divided by 9.
5
What is the remainder when 80541 is divided by 391?
386
Calculate the remainder when 147192 is divided by 11.
1
Calculate the remainder when 143498 is divided by 77.
47
Calculate the remainder when 10131 is divided by 2531.
7
What is the remainder when 26701 is divided by 74?
61
Calculate the remainder when 3376 is divided by 1136.
1104
Calculate the remainder when 197649 is divided by 182.
179
Calculate the remainder when 71871 is